0, -4*n + 80 = 5*g. Let t = 15 - g. Let m(u) = 4*u - 29*u**3 - 3*u**2 + 4 - 36*u**t + 64*u**3. Give m(-4).
4
Let h(o) = -o**2 + 4*o + 11. Suppose 0 = 15*y - 3720 + 3645. Give h(y).
6
Let q(u) be the third derivative of -u**4/24 + u**3/2 - 292*u**2. Let d be (-2)/((3/(-42))/(-1)). Let r be 42/8 - (-7)/d. Determine q(r).
-2
Suppose 99*h - 96*h - 24 = -3*b, 2 = 2*b - 5*h. Let g(c) = c**3 - 4*c**2 - 13*c - 5. Calculate g(b).
-11
Let o(r) be the third derivative of 0 - 78*r**2 + 0*r - 1/6*r**3 + 1/60*r**5 - 1/24*r**4. What is o(4)?
11
Suppose -b = 157 + 88. Let r = 246 + b. Let p(a) = -35*a**3 + 2*a - 1. What is p(r)?
-34
Let y(h) be the first derivative of h**4/12 + 3*h**3/2 + h**2/2 - 33*h + 15. Let r(d) be the second derivative of y(d). What is r(-6)?
-3
Let x be (-1)/((-1)/(-9)*-3). Let u(m) = 0*m**x - 3 + m**2 - 2*m**3 + m**3 - 2*m + 5*m. Suppose t + 2*t = 3*l + 24, t = 4*l + 23. What is u(t)?
-12
Let d(p) = p**2 - 16*p - 14. Let v(c) = c**2 + 75*c + 300. Let n be v(-4). Determine d(n).
-14
Let h be (0 - 26) + 5 - 36/27*-6. Let t(a) = -a**2 - 7*a + 56. Calculate t(h).
-22
Let y = -483 + 517. Let i(p) = -8 - 36*p + 1 - y*p + 73*p. What is i(12)?
29
Let h(v) = v**3 - 2*v - 2. Let w be h(2). Suppose -4*a - 37 + 53 = 0. Let g(z) = -z**3 - 2*z + 2*z - 1 - 5*z**2 - w - a*z. Determine g(-5).
17
Let j(h) = 4*h**2 - 11*h**2 - 2*h - 1 + 11*h**2 + 2. Let r(p) = p + 1. Let z be r(-3). Let d = z + 4. Calculate j(d).
13
Let n be (-8 - -5) + ((-18)/(-1) - -4). Suppose 31*u + n = 12*u. Let v(i) = 18*i + 1. Determine v(u).
-17
Let j(x) = -8*x - 3. Let m be (-2)/(-7) - 2913/(-21). Suppose 13*y + 5*s = 9*y - 544, -5*s - 262 = 2*y. Let n = y + m. Give j(n).
13
Let j(t) = 20*t**2 - 3 + 17*t + 21*t - 20*t - 26 - t**3. Calculate j(21).
-92
Let u(k) be the first derivative of -k**5/120 + 7*k**4/24 - k**3/3 + 43. Let b(s) be the third derivative of u(s). Calculate b(5).
2
Let w(h) = 5064 - 1683 - 1692 - 1690 - 2*h**2 + 3*h. Determine w(-3).
-28
Let s = 129 + 144. Let i = s + -274. Let o(l) = 22*l**2 - l - 1. Give o(i).
22
Let v = 6 + -13. Let s(p) = -2*p**3 - 3*p + 40*p**2 - 6 - 138*p**2 + 35*p**2 + p**3 + 23*p**2 + 33*p**2. Calculate s(v).
15
Suppose 5*o + 13 = 3. Let i(d) = -1967*d**2 + 4 + 1968*d**2 - 8*d - 56*d - 3 + 64*d. What is i(o)?
5
Let f(t) = -45*t + 24. Let u(l) = 86*l - 49. Let g(p) = 5*f(p) + 2*u(p). Determine g(3).
-137
Suppose -2*b - 8 = 3*q, -2*b + 22 = 8*q - 10*q. Let l(t) = t**3 + 8*t**2 - 2. Give l(q).
70
Let f(o) = -o**2 + 14*o - 1. Let r be (35/(-4) - 0)/(20/1040). Let w = 470 + r. What is f(w)?
-16
Let u(r) = -360*r**2 + 177*r**2 + 179*r**2 + 3. Suppose -3*g = -18 + 24. What is u(g)?
-13
Let o be 1 + (-365)/(-75) - 4/(-30). Let a be (-1 - 3/(-5))/(o/30). Let p be a*(-2)/(-4) + -4 + -6. Let d(l) = l**3 + 12*l**2 + 11*l. Calculate d(p).
0
Let s(w) be the third derivative of w**6/120 - 13*w**5/60 + 11*w**4/12 + 4*w**3/3 + 6*w**2 - 562*w. Determine s(11).
8
Let z(k) = -2*k**2 + 200 - 2*k + 3*k + 203 - 600 + 229. Calculate z(-5).
-23
Suppose -105 = -2*r + 3*i + 64, -5*i - 343 = -4*r. Let x(u) = -6*u**2 + 35*u - 140. Let f be x(4). Let m = f + r. Let v(n) = n + 1. Determine v(m).
-3
Let a(l) = -l**3 + 18*l**2 - 18*l + 14. Let o be a(17). Let x = -15 - o. Let s = x - -16. Let q(m) = 2*m - 5. Determine q(s).
3
Let o(l) be the third derivative of 17/2*l**3 + 0 + 1/20*l**5 + 1/6*l**4 - 48*l**2 - 1/180*l**6 + 0*l. Let z(i) be the first derivative of o(i). Determine z(5).
-16
Let k be -8 - 34/17 - -16. Let d(v) = 2*v**3 - 9*v**2 - 17*v - 6. Determine d(k).
0
Let s(j) = -3*j + 41*j**2 - 24*j**2 - 12*j**2 - 13*j**2 - 7*j + j**3. Determine s(9).
-9
Let k(l) = -l**3 - 24*l**2 - 83*l - 44. Let u be k(-20). Let q(m) = -2*m + 31. Give q(u).
-1
Suppose -z - z + 27 + 3 = 0. Let i(y) = 2*y - 15. Give i(z).
15
Suppose 0*g = -3*g - 15. Let p(f) = -7*f + 13. Let n(c) = -5*c + 10. Let l = -52 - -50. Let k(a) = l*p(a) + 3*n(a). Determine k(g).
9
Let g(q) = -59*q**2 + 21*q - 16. Let x(z) = 88*z**2 - 30*z + 23. Let a(v) = 10*g(v) + 7*x(v). Let k(y) = -y - 1. Let s be k(-2). Calculate a(s).
27
Suppose 47*x - 43*x + 136 = 0. Let r = x - -155. Let s = -123 + r. Let n(i) = -i**2 - 1. Determine n(s).
-5
Let g(b) = -10*b. Let d(i) = -12*i - 47. Suppose 602*u - 593*u = -36. Let a be d(u). Give g(a).
-10
Suppose -45 = -4*u - 3*o - 20, 0 = -3*u - 5*o + 27. Suppose 0 = i + 2*w - 12, -u*i - 3*w - 8 = -9*i. Let x(t) = -t**2 + t + 2. Give x(i).
-10
Let p(f) = 5*f**3 + 13*f**2 - 4*f - 13. Let m(g) = 4*g**3 + 12*g**2 - 2*g - 13. Let b(k) = 4*m(k) - 3*p(k). Determine b(-9).
-49
Let l be -8 - ((-2)/15 + 965/(-75)). Let i(x) = 2*x**2 - x + 1. Let g be i(1). Let a(u) = 0*u**g - u**2 + 7 - 3*u + 3*u + 3*u. What is a(l)?
-3
Let m(d) = 22*d - 84 - 20*d**2 - d + 52 - 8 + 49 - d**3. Determine m(-21).
9
Let v(a) = -a**2 + 6*a - 7. Let r be v(3). Let j be (-9)/(27/(-24)) + -5. Let q(w) = r*w + 2 - 4*w + w - j*w. Determine q(2).
-6
Let d(u) = -4 - 3*u + 6 + 5*u - 3. Let c be (-78)/16 - ((-66)/(-272) - (-52)/(-442)). Calculate d(c).
-11
Let w(a) be the first derivative of 4*a**2 + a - 4 + 10*a**2 + 6. Let p be (19 - 18)*(0 - -1). Determine w(p).
29
Let s(q) = -5*q**3 - 21*q**2 + 17*q + 40. Let o(z) = 12*z**3 + 53*z**2 - 42*z - 100. Let g(h) = 7*o(h) + 17*s(h). Determine g(13).
84
Let m(p) be the second derivative of -1/120*p**6 - 2/3*p**3 - 7*p + 1/8*p**4 - 3*p**2 + 0 + 1/20*p**5. Let x(q) be the first derivative of m(q). Determine x(3).
5
Let p(n) = -11*n. Let v(o) = 166*o**3 + 4*o**2 + 2*o. Let l be v(-1). Let b = l - -165. What is p(b)?
-11
Let l(w) = w**3 + 13*w**2 + 3. Let u = 596 + -591. Suppose -148 = -u*t - 213. Calculate l(t).
3
Let c(u) = 7*u + 2. Suppose b + 13 = -s + 87, 224 = 3*b + 5*s. Let y = b - 74. Calculate c(y).
-5
Let d(k) = -3*k**2 - 26*k. Let o(w) = w**2 + 9*w - 1. Let n(y) = -4*d(y) - 13*o(y). What is n(0)?
13
Suppose -6*p + 8 = -p + 3*u, 0 = -4*p - u + 12. Let c(n) = -6 - 4*n - 304*n**2 + 7*n + 4*n + 303*n**2. Determine c(p).
6
Let g(x) = -x**3 - 7*x**2 + 7*x - 9. Suppose -2*h - 3*f = 0, 0 = 3*h + 2*h + 5*f. Suppose 0 = 14*l + 28 - h. Let i be 1/(l/(5 - -11)). Determine g(i).
-1
Let y(a) = 15*a**2 + 3*a + 5 - 22*a**2 + a + 10*a**2. Calculate y(-1).
4
Let w(g) be the first derivative of 2*g**3/3 + 14*g**2 + 26*g - 50. Let f be w(-13). Let m(o) = -o**3 - o**2 + o + 8. Determine m(f).
8
Let b(m) = -m + 3. Let j(r) be the third derivative of -r**6/120 - 7*r**5/60 - r**4/24 - 2*r**3/3 + 17*r**2 - 2. Let o be j(-7). Calculate b(o).
0
Let a = -59 + 61. Suppose -5*o - 1 = -r - 10, a*r + 7 = -o. Let m be (-13 + 13)/(o + 3). Let k(z) = -z. What is k(m)?
0
Let y = 39915 + -39918. Let p(b) = -4*b - 8 + b + 5 - b**3 - 3*b**2. What is p(y)?
6
Let g(n) be the third derivative of -1/20*n**5 + 0 - 200*n**2 + 0*n + 0*n**3 + 1/24*n**4. Let t be ((-4)/10)/((-2)/10). What is g(t)?
-10
Let o(m) = 16*m**2 - 7*m - 23. Let z(x) = 13*x**2 - 6*x - 24. Let r(s) = -4*o(s) + 5*z(s). Let f be r(-5). Let c(t) = t**3 - 8*t**2 + 7*t + 7. Calculate c(f).
7
Let d(w) be the first derivative of 2*w**3/3 + 3*w**2 - 6*w - 8. Let i be d(1). Let a(v) = 2*v - 1. Let u be a(i). Let o(y) = 3*y**2 - 3*y. What is o(u)?
18
Let u(x) = -6*x**2 - 3*x + 7. Let t(d) = 22*d**2 + 10*d - 23. Let i(m) = -3*t(m) - 10*u(m). Give i(-2).
-25
Let s(x) = x**2 + 4*x + 1. Let m(n) = -6*n + 49. Suppose w - 3*b = 0, 2*b = -17*w + 14*w + 33. Let r be m(w). Determine s(r).
6
Let x = -399 - -404. Suppose 6*l - x*a - 7 = 4*l, 4*a + 2 = l. Let d(i) = i**3 - 5*i**2 - i - 6. Calculate d(l).
24
Let s(p) = p**2 + 9*p - 11. Let x be ((-270)/(-4))/(6/8). Suppose 0 = -10*j + 19*j + x. Give s(j).
-1
Let h = 7 + 0. Let j(n) be the first derivative of -1/2*n**2 + 9*n + 34. What is j(h)?
2
Suppose -17*w + 23*w + 114 = 44*w. Let q(s) = -s**3 - 2*s - 4. What is q(w)?
-37
Let z(x) = x**3 + 6*x**2 - 6*x + 7. Suppose -1951*b + 0 = -1965*b - 98. Determine z(b).
0
Let k(g) = g**2 - 15*g - 9. Let p(s) = -100*s - 86. Let b be p(-1). Give k(b).
-23
Let p(i) = -17*i + 5. Suppose 0 = 5*l + 6*c - 1, -5*l - 4*c = -9. What is p(l)?
-80
Let c = -3200 - -3206. Let v(l) = -15*l - 15 + 13*l**2 - 14*l**2 + 24*l. What is v(c)?
3
Let h(t) = 7*t + 28 + 6*t - t. Suppose 0 = -b + s + 10, -141*b + 145*b = -5*s - 5. Let o(v) = 8*v + 19. Let r(i) = b*h(i) - 7*o(i). Calculate r(-6).